ative of b(l). Is m(3) a composite number?
True
Let r = 18 + -18. Suppose -x + 4*x + 960 = r. Let a = 625 + x. Is a a composite number?
True
Let b(v) = -7*v - 4. Suppose 4*k = 0, 5*k = -m + k + 2. Let i be b(m). Is (12/i)/((-4)/330) composite?
True
Is (-60)/70 - 103570/(-14) a prime number?
False
Let t(c) = -c**3 - 3*c**2 + 5*c - 7. Let a be t(-5). Suppose 22*d - 1340 = a*d. Is d prime?
False
Suppose -6 = -y - 12. Let m(t) = -t**2 - 6*t - 4. Let r be m(y). Let n(s) = -102*s + 5. Is n(r) a prime number?
False
Let k = 5 + -1. Let l(r) be the first derivative of 5*r**2 + 7*r - 77. Is l(k) composite?
False
Suppose 5*n = -2*a - 22, -a - 3*a + n - 66 = 0. Let t(v) = -5*v + 35. Is t(a) a composite number?
True
Let t = 199 + -531. Let b = -210 - t. Let n = -31 + b. Is n prime?
False
Let g = 4500 + -391. Suppose -5*h = 2*h - g. Is h a prime number?
True
Let x be ((-4)/(-12))/(1/12). Suppose -3*k = -x*t + 7931, 3*t - 8*t - 5*k + 9905 = 0. Is t prime?
False
Let v(k) = 2343*k**2 + 7*k + 9. Is v(3) composite?
True
Suppose 4*c = c + 99. Suppose -10*j + c = -7*j. Is (-1 - -88)/(12 - j) a prime number?
False
Let o = -12117 - -22418. Is o prime?
True
Suppose -g - 1 = 0, l - 3*g = g - 865. Let f = -2501 - l. Let o = -949 - f. Is o composite?
False
Suppose 3*a = -4*t + 16633, 5*a - 3*t = 410 + 27273. Is a prime?
False
Suppose 0 = 3*d + 5*q - 6452, d = 3*d + q - 4292. Let f = d - 1393. Is f prime?
True
Let d be 27*(1 - 2/6). Let i be (d/12)/((-3)/(-10)). Let q(s) = 2*s**3 + 3*s**2 + 9*s + 1. Is q(i) composite?
True
Suppose n - 14253 = 3*i - 1553, -5*i = -4*n + 50835. Is n a prime number?
False
Let u be (2 + 1 + -3)*1. Suppose u = -5*o - 1 + 26. Suppose -o*z + 450 = -a, 0*a = z - 4*a - 109. Is z composite?
False
Let t = 1539 + -1142. Is t composite?
False
Let q(x) = 267*x**3 - x**2 + 6*x + 1. Is q(3) prime?
True
Suppose -444 = k + 2*k. Let h(d) = 2*d**3 + 9*d**2 - d - 16. Let l be h(-7). Let f = k - l. Is f prime?
False
Let s = 1638 + 15168. Is (-4)/18 + s/54 composite?
False
Suppose 5*z = 3*a - 93, -6*a + 5*a + 41 = -5*z. Suppose 2*f = 4, 0 = p - 3*f - 34 - 20. Let k = p - a. Is k a composite number?
True
Let m(x) = -76*x - 5. Suppose 5*b = 4*w + 31, -5*w - 2*b - 14 = -0*w. Let j be m(w). Let r = -184 + j. Is r a composite number?
True
Let b(p) = -4*p**3 + p**2 - 29*p - 25. Is b(-11) a prime number?
False
Let a(t) = -31 - 36*t - 26*t - 7*t + 41. Is a(-11) composite?
False
Suppose -29*p - 32*p + 13115 = 0. Is p a composite number?
True
Let j(c) = -c + 1. Let m be j(-5). Let n be -2 + m + -1 + 22. Is ((-2980)/n)/((-4)/10) a composite number?
True
Let p = 23 - 18. Suppose 0 = -4*f - 2*j + 6*j + 232, -5*j = -p. Suppose -f = -3*t + 163. Is t prime?
False
Let h be ((-5)/3)/(40/(-48)). Suppose -4*t - 8*f + 4*f = -17480, -h*t = f - 8743. Is t prime?
True
Suppose 2548 = f - 795. Is f prime?
True
Suppose 0 = -4*k - q - 0*q - 5, -2*k = -3*q - 15. Is (-189435)/(-135) - (k - 2/(-9)) a composite number?
True
Suppose -93*f + 91*f + 1502 = 0. Is f composite?
False
Suppose 0 = 2*z + 2*m + 17416, 2*z + 4*m + m = -17425. Let u = z - -14584. Is u a prime number?
True
Let y(f) = 22*f**3 - 14*f**2 - 11*f**3 + 4 - 10*f**3 + 13*f. Let n be y(13). Suppose 2*m - 660 = -4*c, -2*m + n*m = 8. Is c prime?
True
Let m be 2/(-5) + 79710/25. Suppose 480 = -4*h + m. Is h a prime number?
True
Suppose 0 = -5*j - o + 3989, -5*j + 5*o + 3993 = 7*o. Is j composite?
False
Suppose 14*u + 1098 = 20*u. Let q be -2 - -2 - -1 - 57. Let v = u + q. Is v a composite number?
False
Let z(k) = 8*k**3 + 4*k**2 - 2*k - 1. Let h be z(3). Let q = -140 + h. Suppose -2*x = -n + 18 + 17, 0 = 3*n - 4*x - q. Is n a composite number?
True
Let u(m) = m**3 - 8*m**2 - 4*m - 13. Let r be u(9). Let j = -29 + r. Suppose -y + 268 = j*y. Is y a prime number?
True
Let m = 19788 + 22535. Is m a composite number?
False
Let t = 520 - 516. Let u(z) = -z**2 + 3*z - 2. Let r be u(2). Suppose r = -t*q + 1065 + 275. Is q composite?
True
Let r(j) = 6*j**3 + 7*j**2 + 32*j + 19. Is r(10) prime?
True
Let u(m) = -422*m + 12. Let i(o) = 1267*o - 36. Let c(l) = 3*i(l) + 8*u(l). Is c(2) a prime number?
False
Let b(h) be the first derivative of -h**4/4 - h**3/3 + 5*h**2/2 - 6*h + 1. Is b(-5) a prime number?
False
Let k = 136352 + -68509. Is k prime?
True
Suppose 0 = -2*a + 144 + 408. Suppose 0 = 4*w - x - 278, -2*x + 0*x = -4*w + a. Suppose 3*g - w = g. Is g composite?
True
Suppose 3*u + 27 = 4*n, -n - 3 + 14 = -5*u. Is ((-51)/n)/(-1*3/354) composite?
True
Suppose 4*t = 67 - 59. Suppose t*w = -4*d + 2880, 1169 = d + 5*w + 440. Is d a composite number?
False
Let h(m) be the second derivative of -439*m**3/6 - m**2 + 10*m. Let u be h(-1). Is u + 8/20*5 prime?
True
Suppose 0 = -3*v - 3*v + 18. Suppose -v*j + 1538 = -1885. Is j composite?
True
Let r(t) = t - 7. Let q be r(7). Suppose q = -b + 2*b - 3*j - 262, 1291 = 5*b + 4*j. Is b a prime number?
False
Let f(u) = 693*u**2 - 20*u + 11. Is f(6) a prime number?
False
Is -92409*(-6)/90 - (-12)/30 a composite number?
True
Let s = 55 + -143. Let x = -40 - s. Is 10428/x + (-1)/4 a composite number?
True
Let g = -58 + 73. Suppose 0 = -14*w + g*w - 917. Is w a composite number?
True
Let a = 496 + -263. Is a a prime number?
True
Let s(u) = u**2 - 14*u - 15. Let h be s(15). Suppose -v - 6*v + 5033 = h. Is v prime?
True
Let d(g) = 1066*g - 653. Is d(10) composite?
False
Suppose 3*i = 4*i + 257. Suppose 0 = 22*d + 12 + 120. Let s = d - i. Is s composite?
False
Let d(q) = 10*q**2 - 18*q + 133. Is d(7) prime?
False
Let k(b) = 2*b + 15. Suppose -8 = 3*s + 7. Let m be k(s). Let g(f) = 32*f - 1. Is g(m) a composite number?
True
Let h(j) = j**2 + 5*j - 5. Let g be h(-7). Suppose -2*a + 4*q = -6386, -3173 = -g*a + 8*a - 2*q. Is a prime?
False
Let s(j) = 30*j**2 + 11. Is s(4) a composite number?
False
Let y(f) be the third derivative of 4*f**4/3 + 2*f**3/3 + 4*f**2. Let x be y(5). Let g = -21 + x. Is g a prime number?
False
Let x be (-2)/(-4)*(-3 - -1). Is (1382/(-3))/(x/3*2) a prime number?
True
Let s(o) = 12*o + 13. Is s(8) a prime number?
True
Let s(t) = -t + 15. Let o be s(-7). Let w = o - -13. Is w prime?
False
Let y(k) = 11 + 11*k**2 - k**3 - 4*k - 9 + 5. Is y(10) a prime number?
True
Is (-64 + 65)/(1/2407) composite?
True
Let z be ((-8)/(-5))/((-6)/(-30)). Suppose -3*m + 4301 = z*m. Is m a prime number?
False
Suppose -10*d + 18 = -42. Suppose -d*g = -489 - 189. Is g a prime number?
True
Let s(b) = -b**2 + 6*b - 5. Let o(c) = c + 4. Let l be o(0). Let q be s(l). Suppose h + 5*a - 3 = q, h + a = 26. Is h a composite number?
False
Suppose 24*h = 21*h - 3, 5*l - 3*h = 33748. Is l a composite number?
True
Suppose -l + 1 + 7 = -2*x, -2*l = 4*x + 16. Is 79 + (1/(3/(-6)) - l) composite?
True
Is (2 + 1257)*34*5/10 a prime number?
False
Suppose 0 = -d + 2*d - 5. Suppose 3*g - 3694 = d*w - g, 3*g - 3 = 0. Let r = w + 1249. Is r a prime number?
False
Let c(i) = 6*i - 2. Let m be c(2). Suppose -1268 = 6*r - m*r. Is r a composite number?
False
Let d(b) = 3*b - 45. Let x be d(18). Suppose 4*a + 4265 = x*a. Is a a composite number?
False
Let j be (8 + -4)*(-10)/(-8). Let w(i) = i**3 - 3*i**2 - 4*i + 3. Let t be w(4). Suppose -3*q + 227 = j*s, -q - 27 + 84 = -t*s. Is q a composite number?
True
Suppose 0 = 5*z - 3*z. Suppose z*x - x = -2. Suppose -x*l - 203 = -3*l. Is l a composite number?
True
Let i(k) = 5*k**2 - 11*k - 3. Let b be i(9). Suppose 3*n = w - 97, -3*w - n + 28 + b = 0. Let p = 300 - w. Is p a prime number?
True
Suppose -5*s - 22 = 4*l, -s + 4 = l - 3*l. Is (l - -1)*2962/(-4) a composite number?
False
Suppose 12*w = 34*w - 477994. Is w prime?
True
Suppose 5*w = -0*w - 30. Let f(d) = 6*d**2 - 20*d - 7. Is f(w) composite?
True
Suppose 0*g - 4*g + 8890 = -u, u - 3*g + 8890 = 0. Let j = -5891 - u. Is j prime?
True
Suppose -2*z = 2*w - 11962, -z + 5981 = -6*w + 2*w. Is z a composite number?
False
Suppose -5322 = -3*b - j + 8927, -3*b = 3*j - 14241. Is b composite?
False
Let c = -9 - -11. Let i(b) = 11*b**3 - 2*b**3 - b + c*b**3 + 1. Is i(2) composite?
True
Suppose -2*c + 204 - 2096 = 0. Let i be 2/10 + 3232/(-10). Let y = i - c. Is y a prime number?
False
Suppose 12*f + 6*f = 86094. Is f a prime number?
True
Suppose 0 = -28*g - 11*g + 424983. Is g a composite number?
True
Suppose -3*c - 5*t + 5222 = 0, -1 = -2*t + 1. Is c